p*j + j**2 - 2 + 0 + 4*j. List the prime factors of t(2).
2, 3
Let y = -5 - -4. Let o(z) = -20*z. Let a(v) = -10*v. Let b(q) = -11*a(q) + 6*o(q). List the prime factors of b(y).
2, 5
Suppose -4*a + 4 = m + a, 0 = -5*a. What are the prime factors of m?
2
Suppose -n - 2*n + 21 = 0. Suppose n*q - 4*q - 42 = 0. Suppose -3*h = -q - 4. List the prime factors of h.
2, 3
Suppose -76 = 4*g - 220. List the prime factors of g.
2, 3
Let p(l) = -l**3 - 6*l**2 + 7*l + 4. Let m be p(-7). Suppose 0 = 2*y - m - 60. List the prime factors of y.
2
Let x(i) = i + 3. Let d be x(0). Let g(r) = 2*r**2 - r + 1. List the prime factors of g(d).
2
Let a be 2/(-4)*2/1. Let i be (-6)/(a/(-1)*-2). Suppose 0 = 3*n + 5*w + 8, -n + i*w + 4 = -3*n. List the prime factors of n.
2
Suppose -8 = -2*l - 2. Let z(i) = i**3 - 4*i**2 + 2*i + 3. Let r be z(l). Suppose g = o + 1 + 3, -4*o + 16 = r. What are the prime factors of g?
2
Suppose 0 = 3*b - 195 - 201. What are the prime factors of b?
2, 3, 11
Let s = 10 - 15. Let f(j) be the third derivative of j**6/120 + j**5/15 - j**4/4 + j**3/6 - j**2. List the prime factors of f(s).
2, 3
Suppose -5*g + g = 4*q - 224, 2*g - 112 = 3*q. What are the prime factors of g?
2, 7
Suppose d + 145 = 4*d - 2*q, -q = 3*d - 148. What are the prime factors of d?
7
Suppose 5*z = 5*x + 249 - 14, 4*x = 5*z - 237. List the prime factors of z.
7
Let d(b) be the first derivative of 22*b**3/3 + b**2/2 + 7. What are the prime factors of d(1)?
23
Let b(c) = c**2 + 7*c - 10. Let p = -6 + 8. Suppose -p*x - 7 = 11. List the prime factors of b(x).
2
Let y be (-3)/(4/((-16)/(-3))). Let n = -1 - y. What are the prime factors of n?
3
Let r = 6 - 2. Let o = r + -2. Suppose 0 = -2*b + 5*m + 22, -4*b + o*m = 7*m - 14. List the prime factors of b.
2, 3
List the prime factors of ((-20)/3)/((-3)/((-108)/(-2))).
2, 3, 5
Let x(q) = -q**3 + 8*q**2 + 7*q + 13. Let y be 9/(1/1) - 0. Let h be x(y). What are the prime factors of (-8)/h*(6 - 1)?
2
Let p(h) = -2*h**3 + h**2. Let w be p(1). Let v(n) = -10*n**3 - n**2. What are the prime factors of v(w)?
3
Let y(q) = q - 3. Let u be y(5). Let z be 5*(1 + u/(-10)). Suppose x - 55 = -z*x. List the prime factors of x.
11
Let r be 15/(-20) - 102/(-8). Suppose -4*y - 3*w + r = -12, -3*w + 15 = y. Suppose y*h = -22 + 7, -3*z + 3*h + 51 = 0. What are the prime factors of z?
2, 3
Suppose 0*i - 15 = -5*i. Suppose i*v + 0*v - 21 = 0. Let h = v + 8. List the prime factors of h.
3, 5
Let w be (39/2)/((-13)/52). Let n = 118 + w. List the prime factors of n.
2, 5
Let n = -14 - -29. Let f = -4 + n. List the prime factors of f.
11
Suppose 5*y - 60 = -4*x, -5*y + 3*y - 5*x + 24 = 0. Suppose 0 = -5*r + 2*a - a + 36, a = 2*r - y. What are the prime factors of r?
2
Suppose -h = -1 + 9. Suppose 12 - 31 = -y. Let i = h + y. What are the prime factors of i?
11
Suppose 4*y = 5*t - 0*t - 451, 0 = -t + 4*y + 103. What are the prime factors of (-1)/4 + t/12?
7
Suppose -2*v = -2*i, 5*v - 6*v + 4*i - 15 = 0. Suppose v*x - 2 = 3*x. List the prime factors of -5*(-8)/5*x.
2
Let j be 1/(-3) - (-32)/(-12). Let q be ((-6)/9)/(1/j). Suppose q*n - 2 = 20. What are the prime factors of n?
11
Suppose 5*o - 381 = 3*s, -2*o + s = -5*o + 223. What are the prime factors of o?
3, 5
List the prime factors of 194 - 12/(-4)*1.
197
Let b be 40/(-2)*8/20. Let y = b - -56. List the prime factors of y.
2, 3
Suppose -5*f + 9*f = 1504. List the prime factors of f.
2, 47
Let b(s) = 6*s**2 - 5*s - 5. What are the prime factors of b(-2)?
29
Let q = 85 - 28. List the prime factors of q.
3, 19
Let c = 8 - 8. Suppose c = -5*m - 3 + 13, -3*n = -m - 43. What are the prime factors of n?
3, 5
Let m be 6*(3 + (-8)/3). Let b(y) = 14*y - 1. What are the prime factors of b(m)?
3
Suppose -49*x = -48*x - 192. List the prime factors of x.
2, 3
Let q be 10/4 + (-2)/(-4). Let i be (q + -2)/(2/18). Let d = i - 2. List the prime factors of d.
7
Let v(b) = -3*b**3 + 2*b**2 - 2*b. Let d be v(2). Let g = -32 + 18. Let a = g - d. What are the prime factors of a?
2, 3
Suppose 0*x + 5*x = 325. List the prime factors of x.
5, 13
Let i(m) = -m**3 - 2*m**2 + 3*m + 2. Let s be i(-3). Let k be ((-5)/(-10))/((-1)/(-24)). Suppose k - s = u. What are the prime factors of u?
2, 5
Suppose -4 = -3*k - 10. Let s(y) = -4*y**3 + 2*y + 1. What are the prime factors of s(k)?
29
Let z(h) = -h - 3. Let x(v) = 5*v + 16. Let p(s) = -6*x(s) - 33*z(s). What are the prime factors of p(5)?
2, 3
Suppose 14*a + 0*a = 2310. What are the prime factors of a?
3, 5, 11
Suppose -940 = 98*l - 102*l. List the prime factors of l.
5, 47
What are the prime factors of (-5)/(40/(-44))*2?
11
Let f(p) = 9*p**2 - 4*p + 5. List the prime factors of f(2).
3, 11
What are the prime factors of 21/(-28)*(1 + -5)?
3
Suppose -g = 4*g + 10. What are the prime factors of (-7 - -1)/(3/g)?
2
Let l(q) = q**2 - 12*q + 4. Let v be l(12). Let y = 6 - 4. Suppose y*p - 7 - 17 = -5*f, f + v = 4*p. List the prime factors of f.
2
Suppose 9*k = 5*k + 260. What are the prime factors of k?
5, 13
Let x = 40 - 33. Suppose -4*r + 5 = r. Suppose -u = r - x. List the prime factors of u.
2, 3
Let k(x) = 5*x - 11. What are the prime factors of k(4)?
3
Suppose -2*y + 2*q + 4 = 0, 4 = -4*y - y - 2*q. Suppose 3*h - 132 = 3*l, l + 2*l + 12 = y. What are the prime factors of h?
2, 5
Let a = -8 - -11. Suppose a*k + 6 + 3 = 0. List the prime factors of 4*(k - 21/(-6)).
2
What are the prime factors of ((-3)/(-2))/(33/308)?
2, 7
Suppose -3 = 3*n + 4*q + 1, 4 = -n - 2*q. Let g be (28/2)/(n/6). Suppose -43 - g = -4*t - 4*a, 0 = -2*a + 8. What are the prime factors of t?
2, 3
Suppose -i - v + 2 = 0, 0 = v + 1. Suppose -i*l + 18 = -3. Suppose -4*f - 30 = -l*f. List the prime factors of f.
2, 5
Suppose -35 = -5*v - 0*v. Suppose v*r = 4*r + 21. What are the prime factors of (-122)/(-14) - (-2)/r?
3
Let k = 5 + -3. Let u = k - 0. What are the prime factors of u?
2
Suppose 0 = -5*c + 47 - 2. List the prime factors of c.
3
Let q = 0 - 2. Let a be ((-25)/10)/(1/q). Let i = a + -2. List the prime factors of i.
3
Suppose -3*a = -99 - 198. List the prime factors of a.
3, 11
Let j = 377 + -253. List the prime factors of j.
2, 31
Suppose 0 = 4*w - 8*w. Let z be -3 - ((-4)/2 + w). List the prime factors of z*2 - (-21)/3.
5
Let o(f) = f**3 + 24*f**2 + 33*f + 20. List the prime factors of o(-22).
2, 131
What are the prime factors of 153 - (-5 + 0/(-3))?
2, 79
Suppose -2*t - 18 = 2*r - t, 4*t = -8. Let b = r + 14. List the prime factors of b.
2, 3
Let j be 2 + (3 - 5 - -74). Suppose -5*w = -j - 36. What are the prime factors of w?
2, 11
Let l be (26/(-8))/((-1)/12). Suppose g = -2*k + 5 + l, 2*k + 2*g = 44. What are the prime factors of k?
2, 11
Suppose -9*x - 80 = -4*x. List the prime factors of (10/4)/(-5)*x.
2
Suppose 2*c + 5*p = 29, 0*c + c = -4*p + 7. What are the prime factors of c?
3
List the prime factors of 2/9 - 3*11326/(-189).
2, 3, 5
Let t(o) = -13*o + 6. What are the prime factors of t(-4)?
2, 29
Let i = -19 + 39. What are the prime factors of i?
2, 5
Let p(r) be the second derivative of -r**3/6 - 3*r**2 + 2*r. Let h be p(-6). Suppose 16 + 1 = y - 2*j, 5*y + 2*j - 49 = h. List the prime factors of y.
11
Let j be (-3036)/(-54) + (-2)/9. Suppose j = g - 4*c, -g - 3*g + 139 = c. List the prime factors of g.
2, 3
Let o = 5 + -4. Let l = o - -13. Let b = l - -1. What are the prime factors of b?
3, 5
Let a be 2*(4 - (5 - 2)). Suppose -a*o + 32 = -o. What are the prime factors of o?
2
Let y(v) be the third derivative of v**4/8 - 2*v**3/3 + 4*v**2. List the prime factors of y(4).
2
Let o = -6 - -54. What are the prime factors of o?
2, 3
Let s = -2 + 4. Suppose -2*g = 3*p - 16, -3*g - 15 = -s*p - 0*g. Suppose w - p = 10. What are the prime factors of w?
2
List the prime factors of (1 - -1)/(24/60).
5
Let o(u) = u**3 + 9*u**2 - 27*u - 15. What are the prime factors of o(-11)?
2, 5
Let w = 12 + -7. Suppose -2*v = w*s - 74, 6*s - v = 5*s + 12. List the prime factors of s.
2, 7
Let b = -251 + 455. List the prime factors of b.
2, 3, 17
Let g(i) = -i**3 + i**2 + 4. Let q(u) = u - 6. Let s be q(6). What are the prime factors of g(s)?
2
What are the prime factors of 2 - (-17 + (-8)/(-4))?
17
Suppose u - 1 = 4. Suppose -6 = -u*y + p + 34, 34 = 2*y - 4*p. Let m = y + -5. What are the prime factors of m?
2
Let m(a) 